) to base 9.
-78728
Convert -12401141 (base 5) to base 16.
-1dcbe
What is -10425522 (base 7) in base 6?
-31123153
Convert -10011011100011100 (base 2) to base 7.
-451125
-7266632 (base 11) to base 16
-c39ca6
What is 3ca96c (base 13) in base 2?
101101001011000000000
What is d7c7 (base 16) in base 3?
2210202220
What is -2a2a8 (base 12) in base 2?
-1110011100100000
What is -2010001120110 (base 3) in base 14?
-2133db
Convert 1b2651 (base 14) to base 5.
221422020
What is 16b31a (base 12) in base 6?
12230034
Convert -30332040 (base 5) to base 12.
-ba373
-4b04 (base 16) to base 5
-1103304
-10200211012222 (base 3) to base 4
-13133230100
20120100131 (base 4) to base 14
412697
Convert -302902 (base 10) to base 15.
-5eb37
What is 340151 (base 10) in base 15?
6abbb
c3da6 (base 14) to base 2
1110011001101101110
Convert 1127040 (base 10) to base 9.
2107006
3422024 (base 5) to base 9
102464
What is 333223 (base 9) in base 13?
6c891
31655641 (base 8) to base 15
8dc02a
What is -21266160 (base 7) in base 6?
-102522200
Convert 22112112202211 (base 3) to base 6.
241132334
Convert 43ba5 (base 13) to base 7.
1021050
Convert -240863 (base 11) to base 15.
-7816d
What is -911263 (base 10) in base 16?
-de79f
What is -688905 (base 11) in base 10?
-1095176
Convert 16208863 (base 10) to base 12.
5518167
What is 133343201 (base 5) in base 4?
2213002100
What is -3047382 (base 9) in base 12?
-664b6b
Convert 112212211021000 (base 3) to base 14.
109c486
9b6037 (base 13) to base 16
37fc2c
Convert -11100000111111101001101 (base 2) to base 11.
-4186183
What is 33390d (base 14) in base 6?
101133401
-5355042 (base 6) to base 14
-6c3d0
What is -438459 (base 10) in base 6?
-13221523
Convert 13093 (base 12) to base 2.
110010110101111
259350 (base 12) to base 7
5150652
Convert -4126603 (base 8) to base 9.
-2045268
What is -409f1 (base 16) in base 8?
-1004761
What is -10110001000100110 (base 2) in base 7?
-525215
350876 (base 9) to base 16
336ed
Convert -1101010001101001001 (base 2) to base 11.
-277920
What is -32cd2 (base 14) in base 6?
-2350412
Convert -10001110000110101100010 (base 2) to base 7.
-54402515
-43120020 (base 5) to base 10
-363760
What is 200168 (base 10) in base 5?
22401133
-49158 (base 16) to base 4
-1021011120
-11001011001101010 (base 2) to base 16
-1966a
What is -13101022031 (base 4) in base 3?
-10120210120102
-11111011111101110101011 (base 2) to base 16
-7dfbab
What is -11001010002110 (base 3) in base 5?
-1022211300
53227 (base 11) to base 6
1354353
-2a67693 (base 12) to base 5
-4200112100
What is 11011100110000011011110 (base 2) in base 7?
115325450
Convert -17050024 (base 9) to base 3.
-121001200000211
-1095383 (base 10) to base 14
-207299
What is 1002010120011 (base 3) in base 9?
1063504
What is 168107 (base 9) in base 12?
50467
Convert 30286 (base 11) to base 4.
22303203
What is -12556 (base 14) in base 6?
-544052
Convert -142302241 (base 5) to base 12.
-2ba71b
What is -21237e (base 15) in base 3?
-2222010010102
-10336524 (base 7) to base 9
-1585823
6f7f (base 16) to base 12
14627
Convert 810661 (base 12) to base 3.
10210020101201
Convert -6954264 (base 10) to base 13.
-1596465
11011100101000010001001 (base 2) to base 15
97c16c
Convert 23004111 (base 6) to base 14.
143535
What is -24403145 (base 7) in base 10?
-2186021
Convert -4501072 (base 11) to base 13.
-183477b
-4706638 (base 9) to base 11
-148838a
What is 4067aa (base 11) in base 14?
130061
What is 5354a (base 13) in base 11?
a2a1a
204243021 (base 5) to base 14
182b66
-68091 (base 14) to base 10
-252575
What is -9030b (base 13) in base 12?
-10507b
Convert 298917 (base 11) to base 8.
1615332
-10010111111100000 (base 2) to base 3
-10221201012
-12100202120 (base 3) to base 5
-11334111
-1407761 (base 8) to base 9
-664881
Convert -b968 (base 12) to base 14.
-7600
213221011220 (base 4) to base 6
1010422412
What is -378bb9 (base 16) in base 12?
-1276761
Convert 7332441 (base 10) to base 8.
33761131
Convert 9921c9 (base 13) to base 6.
205122250
-1222123203 (base 4) to base 12
-190343
What is -8eac (base 15) in base 16?
-7668
-435702 (base 9) to base 7
-2132201
63b86b (base 15) to base 11
2752672
141884 (base 9) to base 16
152da
-10ec3 (base 16) to base 10
-69315
Convert -24555624 (base 7) to base 10.
-2215749
Convert -310521 (base 12) to base 2.
-10111011011111101001
Convert c91498 (base 15) to base 13.
1ca2136
30442242 (base 6) to base 14
18b682
Convert -a51236 (base 13) to base 3.
-21021000121120
Convert -1582022 (base 10) to base 4.
-12002033012
What is -111000100010100111010111 (base 2) in base 5?
-12243244342
Convert -76745 (base 15) to base 13.
-102356
What is b01116 (base 16) in base 2?
101100000001000100010110
What is -1016465 (base 9) in base 11?
-340868
Convert 2492d5c (base 14) to base 6.
1424243514
269ba0a (base 13) to base 14
18890a0
30823 (base 11) to base 6
543540
19cba1 (base 16) to base 11
a55135
Convert c03c4 (base 13) to base 12.
146887
What is -10511155 (base 8) in base 15?
-2eb4c4
-6230 (base 9) to base 4
-1013103
What is 22623a (base 11) in base 12?
154173
What is 1625140 (base 7) in base 16?
36f3d
What is -29d95 (base 15) in base 12?
-65b42
-3648552 (base 9) to base 6
-110243545
-132341100 (base 5) to base 7
-5452216
Convert -1010000101111010 (base 2) to base 8.
-120572
Convert 100001110001101011101 (base 2) to base 6.
35415553
What is 10333331002 (base 4) in base 7?
14065534
Convert 111001101011110100100 (base 2) to base 11.
1081165
What is 200021100110 (base 3) in base 10?
359652
What is 31b72c (base 16) in base 11?
19259a0
Convert -23420255 (base 6) to base 11.
-461219
Convert -1100110011110111111011 (base 2) to base 9.
-6277526
What is 5297b3 (base 13) in base 2?
111011000010101100001
What is 227914 (base 10) in base 11?
146265
What is -1650502 (base 9) in base 5?
-213401242
Convert -91444 (base 14) to base 13.
-c3009
Convert 1000001110010010 (base 2) to base 8.
101622
-667810 (base 12) to base 4
-12032013030
Convert 2013003011 (base 4) to base 3.
1001002210022
What is 154541350 (base 7) in base 4?
213312212230
-101111101101001111100001 (base 2) to base 10
-12506081
What is 71aa1 (base 15) in base 10?
360151
438708 (base 14) to base 11
1324466
What is -4a3067 (base 13) in base 2?
-110110001111100110010
What is -21011002222002 (base 3) in base 15?
-50133b
-2516667 (base 8) to base 6
-22524555
-113133302 (base 4) to base 2
-10111011111110010
Convert -1924c8a (base 13) to base 6.
-452311534
Convert -1265760 (base 8) to base 16.
-56bf0
11320c (base 13) to base 4
1203110023
What is 3222233313 (base 4) in base 10?
961527
Convert -569827 (base 11) to base 7.
-10462424
Convert -1002022200121 (base 3) to base 12.
-239bb1
Convert 1990963 (base 11) to base 2.
1100110010110101011011
Convert -301621 (base 13) to base 15.
-170ee7
-445836 (base 10) to base 15
-8c176
Convert -820872 (base 12) to base 10.
-2033366
What is 64707 (base 10) in base 3?
10021202120
Convert -12082672 (base 9) to base 12.
-1b86678
-15102371 (base 8) to base 2
-1101001000010011111001
Convert 6df605 (base 16) to base 5.
3321101110
Convert 1028285 (base 11) to base 3.
10102001100200
-311311442 (base 5) to base 7
-13562513
What is -31210213 (base 4) in base 13?
-1c3c3
What is 10000011111010100101 (base 2) in base 15?
aa16a
121330203 (base 4) to base 7
621561
10400242 (base 5) to base 8
261111
What is -85427 (base 13) in base 7?
-2020145
What is 219444 (base 12) in base 3?
1000011022021
What is -ab0b (base 16) in base 9?
-66052
What is -2b89ab (base 13) in base 5?
-233412440
10094 (base 11) to base 14
5532
What is 1aa0823 (base 11) in base 7?
42000004
What is -2473574 (base 11) in base 15?
-59c697
-2714b (base 14) to base 13
-34aac
-14152338 (base 9) to base 6
-410030055
Convert -1e017 (base 15) to base 11.
-67608
Convert 100000010102 (base 3) to base 6.
3444315
What is 12e480 (base 15) in base 12?
379b93
6979 (base 16) to base 10
27001
Convert -112649 (base 16) to base 2.
-100010010011001001001
-21112110200111 (base 3) to base 5
-2011124041
What is -256159 (base 11) in base 8?
-1424026
Convert 100022203 (base 5) to base 8.
1375762
Convert -102222110112 (base 3) to base 4.
-321210131
-31223130 (base 4) to base 3
-2211212010
-10113320 (base 5) to base 11
-56950
What is -853dda (base 15) in base 13?
-14104c6
Convert 1434626 (base 8